{"id":201,"date":"2018-02-21T18:38:52","date_gmt":"2018-02-21T17:38:52","guid":{"rendered":"https:\/\/hotelsalondeprovence.fr\/?page_id=201"},"modified":"2022-12-20T12:18:55","modified_gmt":"2022-12-20T11:18:55","slug":"circuit-de-fontange","status":"publish","type":"page","link":"https:\/\/hotelsalondeprovence.fr\/index.php\/liens-adresses-utiles\/circuit-de-fontange\/","title":{"rendered":"Circuit de Fontange"},"content":{"rendered":"<h2><span class=\"navy\">Centre d&rsquo;essai priv\u00e9 de FONTANGE.<\/span><\/h2>\n<p>D\u00e9couvrez un large choix de stages et bapt\u00eames de pilotage exceptionnels et venez pilotez les plus belles voitures du monde \u00e0 Salon de Provence sur le plus grand circuit automobile de la r\u00e9gion sud PACA. (Le circuit de vitesse MICHELIN de 3,5 km avec une ligne droite d&rsquo;1km et des virages relev\u00e9s pour un maximum de vitesse et de sensations !).<br \/>\n&#8211; Le site : <a title=\"Circuit automobile \u00e0 10 minutes de Salon de Provence\" href=\"http:\/\/www.cascadevents.fr\/circuit-automobile-fontange-michelin-salon-de-provence.php\" target=\"_blank\" rel=\"noopener\"><u>www.cascadevents.fr<\/u><\/a><br \/>\n<a title=\"Le plan d'acc\u00e8s au circuit automobile de Fontange \u00e0 10 minutes de Salon de Provence\" href=\"http:\/\/www.cascadevents.fr\/acces_circuit\/ACCES_FONTANGE_SALON_DE_PROVENCE.pdf\" target=\"_blank\" rel=\"noopener\">&#8211; Le plan d&rsquo;acc\u00e8s au circuit de Fontange<\/a><\/p>\n<p>A moins de 10 Km de l&rsquo;Hotel de Provence. A partir de l&rsquo;H\u00f4tel, prendre la direction d&rsquo;Arles par la RN113. Apr\u00e8s l&rsquo;hippodrome, au rond point, prendre \u00e0 gauche la direction de Miramas par la D569. Passer sur le pont qui enjambe l&rsquo;autoroute A54, tout de suite sur la droite, prendre le chemin marqu\u00e9 &lsquo;Fontange&rsquo;.<\/p>\n<p>Cascadevents. Centre d&rsquo;essais Priv\u00e9 de Fontange<br \/>\nCircuit d&rsquo;essais Michelin de Salon de Provence<br \/>\nDomaine de Fontange &#8211; RN569 &#8211; Chemin Chante Perdrix<br \/>\n13300 Salon de Provence &#8211; Eyguieres &#8211; t\u00e9l. 0 826 620 036 (0,15\u20ac \/ min)<\/p>\n<p><img loading=\"lazy\" decoding=\"async\" class=\" wp-image-261 alignright\" src=\"http:\/\/localhost\/hotelsalondeprovence\/wp-content\/uploads\/2017\/11\/audi.jpg\" alt=\"\" width=\"287\" height=\"127\" \/><\/p>\n<p><img loading=\"lazy\" decoding=\"async\" class=\"size-full wp-image-262 alignleft\" src=\"http:\/\/localhost\/hotelsalondeprovence\/wp-content\/uploads\/2017\/11\/cascadevents.jpg\" alt=\"\" width=\"244\" height=\"150\" \/><\/p>\n","protected":false},"excerpt":{"rendered":"<p>Centre d&rsquo;essai priv\u00e9 de FONTANGE. D\u00e9couvrez un large choix de stages et bapt\u00eames de pilotage exceptionnels et venez pilotez les plus belles voitures du monde \u00e0 Salon de Provence sur le plus grand circuit automobile de la r\u00e9gion sud PACA.<\/p>\n","protected":false},"author":2,"featured_media":0,"parent":204,"menu_order":2,"comment_status":"closed","ping_status":"closed","template":"","meta":{"_uag_custom_page_level_css":"","footnotes":""},"class_list":["post-201","page","type-page","status-publish","hentry"],"uagb_featured_image_src":{"full":false,"thumbnail":false,"medium":false,"medium_large":false,"large":false,"1536x1536":false,"2048x2048":false,"featured-blog-large":false,"featured-blog-small":false,"featured-service":false,"featured-recent-work":false},"uagb_author_info":{"display_name":"anna","author_link":"https:\/\/hotelsalondeprovence.fr\/index.php\/author\/maunat\/"},"uagb_comment_info":0,"uagb_excerpt":"Centre d&rsquo;essai priv\u00e9 de FONTANGE. D\u00e9couvrez un large choix de stages et bapt\u00eames de pilotage exceptionnels et venez pilotez les plus belles voitures du monde \u00e0 Salon de Provence sur le plus grand circuit automobile de la r\u00e9gion sud PACA.","_links":{"self":[{"href":"https:\/\/hotelsalondeprovence.fr\/index.php\/wp-json\/wp\/v2\/pages\/201","targetHints":{"allow":["GET"]}}],"collection":[{"href":"https:\/\/hotelsalondeprovence.fr\/index.php\/wp-json\/wp\/v2\/pages"}],"about":[{"href":"https:\/\/hotelsalondeprovence.fr\/index.php\/wp-json\/wp\/v2\/types\/page"}],"author":[{"embeddable":true,"href":"https:\/\/hotelsalondeprovence.fr\/index.php\/wp-json\/wp\/v2\/users\/2"}],"replies":[{"embeddable":true,"href":"https:\/\/hotelsalondeprovence.fr\/index.php\/wp-json\/wp\/v2\/comments?post=201"}],"version-history":[{"count":1,"href":"https:\/\/hotelsalondeprovence.fr\/index.php\/wp-json\/wp\/v2\/pages\/201\/revisions"}],"predecessor-version":[{"id":3227,"href":"https:\/\/hotelsalondeprovence.fr\/index.php\/wp-json\/wp\/v2\/pages\/201\/revisions\/3227"}],"up":[{"embeddable":true,"href":"https:\/\/hotelsalondeprovence.fr\/index.php\/wp-json\/wp\/v2\/pages\/204"}],"wp:attachment":[{"href":"https:\/\/hotelsalondeprovence.fr\/index.php\/wp-json\/wp\/v2\/media?parent=201"}],"curies":[{"name":"wp","href":"https:\/\/api.w.org\/{rel}","templated":true}]}}