{"id":204,"date":"2018-02-21T18:40:20","date_gmt":"2018-02-21T17:40:20","guid":{"rendered":"https:\/\/hotelsalondeprovence.fr\/?page_id=204"},"modified":"2025-02-26T17:03:24","modified_gmt":"2025-02-26T16:03:24","slug":"liens-adresses-utiles","status":"publish","type":"page","link":"https:\/\/hotelsalondeprovence.fr\/index.php\/liens-adresses-utiles\/","title":{"rendered":"Liens &#038; adresses utiles"},"content":{"rendered":"<h2><span class=\"navy\">Au c\u0153ur de la Provence, Salon de Provence est formidablement situ\u00e9 au carrefour des voies reliant l&rsquo;Italie \u00e0 l&rsquo;Espagne et le long du couloir rhodanien. 2000 ans d&rsquo;activit\u00e9s humaines ont fa\u00e7onn\u00e9 ce pays situ\u00e9 aux confins de la Durance, de la Crau et des Alpilles.<\/span><\/h2>\n<p>&nbsp;<\/p>\n<h2><span class=\"navy\"><u>Salon de Provence, ville Proven\u00e7ale :<\/u><\/span><\/h2>\n<p>C&rsquo;est durant le haut moyen-\u00e2ge, qu&rsquo;apparait la mention \u00e9crite connue de Salon. En 871, l&rsquo;existence d&rsquo;une &lsquo;Villa Sallone&rsquo; &#8211; domaine agricole h\u00e9rit\u00e9 de l&rsquo;\u00e9poque gallo-romaine &#8211; est attest\u00e9e dans un acte d&rsquo;inventaire de biens. Cet acte nous apprend que Rostans, archev\u00eaque d&rsquo;Arles, poss\u00e8de des terres dans le pays salonais.<\/p>\n<h2><span class=\"navy\">En acc\u00e9dant aux liens suivant vous pourrez d\u00e9couvrir Salon de Provence :<\/span><\/h2>\n<p><img loading=\"lazy\" decoding=\"async\" class=\"size-full wp-image-257 alignright\" src=\"http:\/\/localhost\/hotelsalondeprovence\/wp-content\/uploads\/2017\/11\/champ_lavande.jpg\" alt=\"\" width=\"244\" height=\"162\" \/><\/p>\n<h2><span class=\"navy\"><u>Salon de Provence :<\/u><\/span><\/h2>\n<p>Le site officiel de la ville de Salon de Provence.<br \/>\n<a title=\"Site de la Mairie de Salon de provence\" href=\"https:\/\/www.visitsalondeprovence.com\/\" target=\"_blank\" rel=\"noopener\"><u>www.salondeprovence.fr<\/u><\/a><\/p>\n<h2><span class=\"navy\"><u>L&rsquo; office du tourisme :<\/u><\/span><\/h2>\n<p>Office de tourisme de Salon de Provence<\/p>\n<div class=\"M2Cv8e hP3ybd\">\n<div class=\"gqkR3b hP3ybd\"><a tabindex=\"0\" href=\"https:\/\/www.google.com\/url?sa=t&amp;source=web&amp;rct=j&amp;opi=89978449&amp;url=\/maps\/place\/\/data%3D!4m2!3m1!1s0x12c9ffaadf090eb3:0x3b94c124c6aae1a9%3Fsa%3DX%26ved%3D1t:8290%26ictx%3D111&amp;ved=2ahUKEwjzo_ij2uGLAxX9TKQEHf4mKR8Q4kB6BAgoEAM&amp;usg=AOvVaw0Bx8OCa30XAhOaDf8CSU-Z\" data-url=\"\/maps\/place\/\/data=!4m2!3m1!1s0x12c9ffaadf090eb3:0x3b94c124c6aae1a9?sa=X&amp;ved=2ahUKEwjzo_ij2uGLAxX9TKQEHf4mKR8Q4kB6BAgEEAA\">71 Pl. du G\u00e9n\u00e9ral de Gaulle, 13300 Salon-de-Provence<\/a><\/div>\n<\/div>\n<p>Tel: (33)0490 562 760 \/ Fax: (33)0490 567 709<br \/>\n<a title=\"Office du tourisme de la r\u00e9gion Salonaise\" href=\"http:\/\/www.visitsalondeprovence.com\" target=\"_blank\" rel=\"noopener\"><u>https:\/\/www.visitsalondeprovence.com\/<\/u><\/a><\/p>\n<p>&nbsp;<\/p>\n","protected":false},"excerpt":{"rendered":"<p>Au c\u0153ur de la Provence, Salon de Provence est formidablement situ\u00e9 au carrefour des voies reliant l&rsquo;Italie \u00e0 l&rsquo;Espagne et le long du couloir rhodanien. 2000 ans d&rsquo;activit\u00e9s humaines ont fa\u00e7onn\u00e9 ce pays situ\u00e9 aux confins de la Durance, de<\/p>\n","protected":false},"author":2,"featured_media":0,"parent":0,"menu_order":0,"comment_status":"closed","ping_status":"closed","template":"","meta":{"_uag_custom_page_level_css":"","footnotes":""},"class_list":["post-204","page","type-page","status-publish","hentry"],"uagb_featured_image_src":{"full":false,"thumbnail":false,"medium":false,"medium_large":false,"large":false,"1536x1536":false,"2048x2048":false,"featured-blog-large":false,"featured-blog-small":false,"featured-service":false,"featured-recent-work":false},"uagb_author_info":{"display_name":"anna","author_link":"https:\/\/hotelsalondeprovence.fr\/index.php\/author\/maunat\/"},"uagb_comment_info":0,"uagb_excerpt":"Au c\u0153ur de la Provence, Salon de Provence est formidablement situ\u00e9 au carrefour des voies reliant l&rsquo;Italie \u00e0 l&rsquo;Espagne et le long du couloir rhodanien. 2000 ans d&rsquo;activit\u00e9s humaines ont fa\u00e7onn\u00e9 ce pays situ\u00e9 aux confins de la Durance, de","_links":{"self":[{"href":"https:\/\/hotelsalondeprovence.fr\/index.php\/wp-json\/wp\/v2\/pages\/204","targetHints":{"allow":["GET"]}}],"collection":[{"href":"https:\/\/hotelsalondeprovence.fr\/index.php\/wp-json\/wp\/v2\/pages"}],"about":[{"href":"https:\/\/hotelsalondeprovence.fr\/index.php\/wp-json\/wp\/v2\/types\/page"}],"author":[{"embeddable":true,"href":"https:\/\/hotelsalondeprovence.fr\/index.php\/wp-json\/wp\/v2\/users\/2"}],"replies":[{"embeddable":true,"href":"https:\/\/hotelsalondeprovence.fr\/index.php\/wp-json\/wp\/v2\/comments?post=204"}],"version-history":[{"count":3,"href":"https:\/\/hotelsalondeprovence.fr\/index.php\/wp-json\/wp\/v2\/pages\/204\/revisions"}],"predecessor-version":[{"id":4063,"href":"https:\/\/hotelsalondeprovence.fr\/index.php\/wp-json\/wp\/v2\/pages\/204\/revisions\/4063"}],"wp:attachment":[{"href":"https:\/\/hotelsalondeprovence.fr\/index.php\/wp-json\/wp\/v2\/media?parent=204"}],"curies":[{"name":"wp","href":"https:\/\/api.w.org\/{rel}","templated":true}]}}