{"id":56,"date":"2018-02-19T19:39:55","date_gmt":"2018-02-19T18:39:55","guid":{"rendered":"https:\/\/hotelsalondeprovence.fr\/?page_id=56"},"modified":"2026-03-18T11:03:37","modified_gmt":"2026-03-18T10:03:37","slug":"chambre-double-confort","status":"publish","type":"page","link":"https:\/\/hotelsalondeprovence.fr\/index.php\/page-d-exemple\/chambre-double-confort\/","title":{"rendered":"Chambre double confort"},"content":{"rendered":"<div id=\"metaslider-id-2036\" style=\"max-width: 1100px; margin: 0 auto;\" class=\"ml-slider-3-108-0 metaslider metaslider-nivo metaslider-2036 ml-slider ms-theme-default\" role=\"region\" aria-label=\"CHAMBRE DOUBRE CONFORT\" data-height=\"698\" data-width=\"1100\">\n    <div id=\"metaslider_container_2036\">\n        <div class='slider-wrapper theme-default'><div class='ribbon'><\/div><div id='metaslider_2036' class='nivoSlider'><img loading=\"lazy\" decoding=\"async\" src=\"https:\/\/hotelsalondeprovence.fr\/wp-content\/uploads\/2022\/12\/DSC7257-HDR-scaled-1100x698.jpg\" height=\"698\" width=\"1100\" data-caption=\"CHAMBRE DOUBLE CONFORT\" title=\"CHAMBRE DOUBLE CONFORT\" alt=\"CHAMBRE DOUBLE CONFORT\" class=\"slider-2036 slide-3754 msDefaultImage\" \/><img loading=\"lazy\" decoding=\"async\" src=\"https:\/\/hotelsalondeprovence.fr\/wp-content\/uploads\/2022\/12\/DSC7271-HDR-scaled-1100x698.jpg\" height=\"698\" width=\"1100\" data-caption=\"CHAMBRE DOUBLE CONFORT\" title=\"_DSC7271-HDR\" alt=\"\" class=\"slider-2036 slide-3752 msDefaultImage\" \/><img loading=\"lazy\" decoding=\"async\" src=\"https:\/\/hotelsalondeprovence.fr\/wp-content\/uploads\/2022\/12\/DSC0414-HDR-scaled-1100x698.jpg\" height=\"698\" width=\"1100\" data-caption=\"CHAMBRE DOUBLE CONFORT\" title=\"CHAMBRE DOUBLE CONFORT\" alt=\"CHAMBRE DOUBLE CONFORT\" class=\"slider-2036 slide-3762 msDefaultImage\" \/><img loading=\"lazy\" decoding=\"async\" src=\"https:\/\/hotelsalondeprovence.fr\/wp-content\/uploads\/2022\/12\/DSC0424-HDR-scaled-1100x698.jpg\" height=\"698\" width=\"1100\" data-caption=\"CHAMBRE DOUBLE CONFORT\" title=\"_DSC0424-HDR\" alt=\"\" class=\"slider-2036 slide-3763 msDefaultImage\" \/><img loading=\"lazy\" decoding=\"async\" src=\"https:\/\/hotelsalondeprovence.fr\/wp-content\/uploads\/2022\/12\/DSC0434-HDR-scaled-1100x698.jpg\" height=\"698\" width=\"1100\" data-caption=\"CHAMBRE DOUBLE CONFORT\" title=\"_DSC0434-HDR\" alt=\"\" class=\"slider-2036 slide-3764 msDefaultImage\" \/><img loading=\"lazy\" decoding=\"async\" src=\"https:\/\/hotelsalondeprovence.fr\/wp-content\/uploads\/2022\/12\/DSC0449-HDR-scaled-1100x698.jpg\" height=\"698\" width=\"1100\" data-caption=\"CHAMBRE DOUBLE CONFORT\" title=\"_DSC0449-HDR\" alt=\"\" class=\"slider-2036 slide-3766 msDefaultImage\" \/><img loading=\"lazy\" decoding=\"async\" src=\"https:\/\/hotelsalondeprovence.fr\/wp-content\/uploads\/2022\/12\/DSC0454-HDR-scaled-1100x698.jpg\" height=\"698\" width=\"1100\" data-caption=\"CHAMBRE DOUBLE CONFORT\" title=\"_DSC0454-HDR\" alt=\"\" class=\"slider-2036 slide-3767 msDefaultImage\" \/><img loading=\"lazy\" decoding=\"async\" src=\"https:\/\/hotelsalondeprovence.fr\/wp-content\/uploads\/2022\/12\/DSC0464-HDR-scaled-1100x698.jpg\" height=\"698\" width=\"1100\" data-caption=\"CHAMBRE DOUBLE CONFORT\" title=\"_DSC0464-HDR\" alt=\"\" class=\"slider-2036 slide-3768 msDefaultImage\" \/><img loading=\"lazy\" decoding=\"async\" src=\"https:\/\/hotelsalondeprovence.fr\/wp-content\/uploads\/2022\/12\/DSC4968-HDR-scaled-1100x698.jpg\" height=\"698\" width=\"1100\" data-caption=\"CHAMBRE DOUBLE CONFORT\" title=\"_DSC4968-HDR\" alt=\"\" class=\"slider-2036 slide-3785 msDefaultImage\" \/><img loading=\"lazy\" decoding=\"async\" src=\"https:\/\/hotelsalondeprovence.fr\/wp-content\/uploads\/2022\/12\/DSC4989-HDR-scaled-1100x698.jpg\" height=\"698\" width=\"1100\" data-caption=\"CHAMBRE DOUBLE CONFORT\" title=\"_DSC4989-HDR\" alt=\"\" class=\"slider-2036 slide-3786 msDefaultImage\" \/><img loading=\"lazy\" decoding=\"async\" src=\"https:\/\/hotelsalondeprovence.fr\/wp-content\/uploads\/2022\/12\/DSC5010-HDR-scaled-1100x698.jpg\" height=\"698\" width=\"1100\" data-caption=\"CHAMBRE DOUBLE CONFORT\" title=\"_DSC5010-HDR\" alt=\"\" class=\"slider-2036 slide-3787 msDefaultImage\" \/><img loading=\"lazy\" decoding=\"async\" src=\"https:\/\/hotelsalondeprovence.fr\/wp-content\/uploads\/2022\/12\/DSC5045-HDR-scaled-1100x698.jpg\" height=\"698\" width=\"1100\" data-caption=\"CHAMBRE DOUBLE CONFORT\" title=\"_DSC5045-HDR\" alt=\"\" class=\"slider-2036 slide-3788 msDefaultImage\" \/><img loading=\"lazy\" decoding=\"async\" src=\"https:\/\/hotelsalondeprovence.fr\/wp-content\/uploads\/2022\/12\/DSC0629-HDR-scaled-1100x698.jpg\" height=\"698\" width=\"1100\" data-caption=\"CHAMBRE DOUBLE CONFORT\" title=\"_DSC0629-HDR\" alt=\"\" class=\"slider-2036 slide-3784 msDefaultImage\" \/><img loading=\"lazy\" decoding=\"async\" src=\"https:\/\/hotelsalondeprovence.fr\/wp-content\/uploads\/2022\/12\/DSC7306-HDR-scaled-1100x698.jpg\" height=\"698\" width=\"1100\" data-caption=\"CHAMBRE DOUBLE CONFORT\" title=\"_DSC7306-HDR\" alt=\"\" class=\"slider-2036 slide-3750 msDefaultImage\" \/><img loading=\"lazy\" decoding=\"async\" src=\"https:\/\/hotelsalondeprovence.fr\/wp-content\/uploads\/2022\/12\/DSC7257-HDR-1-scaled-1100x698.jpg\" height=\"698\" width=\"1100\" title=\"_DSC7257-HDR\" alt=\"\" class=\"slider-2036 slide-3801 msDefaultImage\" \/><img loading=\"lazy\" decoding=\"async\" src=\"https:\/\/hotelsalondeprovence.fr\/wp-content\/uploads\/2022\/12\/DSC7271-HDR-1-scaled-1100x698.jpg\" height=\"698\" width=\"1100\" title=\"_DSC7271-HDR\" alt=\"\" class=\"slider-2036 slide-3802 msDefaultImage\" \/><img loading=\"lazy\" decoding=\"async\" src=\"https:\/\/hotelsalondeprovence.fr\/wp-content\/uploads\/2022\/12\/DSC7306-HDR-1-scaled-1100x698.jpg\" height=\"698\" width=\"1100\" title=\"_DSC7306-HDR\" alt=\"\" class=\"slider-2036 slide-3803 msDefaultImage\" \/><img loading=\"lazy\" decoding=\"async\" src=\"https:\/\/hotelsalondeprovence.fr\/wp-content\/uploads\/2022\/12\/DSC0589-HDR-scaled-1100x698.jpg\" height=\"698\" width=\"1100\" data-caption=\"CHAMBRE DOUBLE CONFORT\" title=\"_DSC0589-HDR\" alt=\"\" class=\"slider-2036 slide-3799 msDefaultImage\" \/><img loading=\"lazy\" decoding=\"async\" src=\"https:\/\/hotelsalondeprovence.fr\/wp-content\/uploads\/2022\/12\/DSC0584-HDR-scaled-1100x698.jpg\" height=\"698\" width=\"1100\" data-caption=\"CHAMBRE DOUBLE CONFORT\" title=\"_DSC0584-HDR\" alt=\"\" class=\"slider-2036 slide-3798 msDefaultImage\" \/><\/div><\/div>\n        \n    <\/div>\n<\/div>\r\n\r\n<div class=\"alignnormal\">\u00a0<\/div>\r\n<div>\u00a0<\/div>\r\n<h1 style=\"text-align: center;\">CHAMBRE DOUBLE CONFORT<\/h1>\r\n<h1 style=\"text-align: center;\"><span style=\"color: #000000;\">18 m\u00b2 \u2666 2 adultes \u2666<\/span><\/h1>\r\n<h1 style=\"text-align: center;\"><strong>85 \u20ac<\/strong><\/h1>\r\n\r\n<div id=\"comp-ko32ebv0\" class=\"_2bafp\" data-testid=\"richTextElement\">\r\n<ul>\r\n<li style=\"list-style-type: none;\">\r\n<ul>\r\n<li style=\"list-style-type: none;\">\r\n<ul>\r\n<li style=\"list-style-type: none;\">\r\n<ul>\r\n<li style=\"list-style-type: none;\">\r\n<ul>\r\n<li style=\"list-style-type: none;\">\r\n<ul>\r\n<li style=\"list-style-type: none;\">\r\n<ul>\r\n<li style=\"list-style-type: none;\">\r\n<ul>\r\n<li style=\"list-style-type: none;\">\r\n<ul>\r\n<li style=\"list-style-type: none;\">\r\n<ul>\r\n<li>1 lit en 160 x 200 cm<\/li>\r\n<li class=\"font_8\">TV \u00e0 \u00e9cran plat<\/li>\r\n<li class=\"font_8\">Climatisation r\u00e9versible individuelle<\/li>\r\n<li>Placard penderie<\/li>\r\n<li class=\"font_8\">T\u00e9l\u00e9phone, bureau et fauteuil<\/li>\r\n<li class=\"font_8\">Plateau d\u2019accueil Eau Th\u00e9 bouilloire et caf\u00e9<\/li>\r\n<li class=\"font_8\">Douche, wc, s\u00e8che cheveux<\/li>\r\n<li>Articles de toilette<\/li>\r\n<li>R\u00e9seau Wifi gratuit<\/li>\r\n<li>Non fumeur<\/li>\r\n<li>1er, 2em et 3em \u00e9tage<\/li>\r\n<\/ul>\r\n<\/li>\r\n<\/ul>\r\n<\/li>\r\n<\/ul>\r\n<\/li>\r\n<\/ul>\r\n<\/li>\r\n<\/ul>\r\n<\/li>\r\n<\/ul>\r\n<\/li>\r\n<\/ul>\r\n<\/li>\r\n<\/ul>\r\n<\/li>\r\n<\/ul>\r\n<\/li>\r\n<\/ul>\r\n<\/div>\r\n<p><img loading=\"lazy\" decoding=\"async\" class=\" wp-image-3580 aligncenter\" src=\"https:\/\/hotelsalondeprovence.fr\/wp-content\/uploads\/2022\/12\/Logo_Beige.png-petite.png\" alt=\"LOGO\" width=\"82\" height=\"83\" \/><\/p>\r\n<h3 style=\"text-align: center;\"><span style=\"color: #000000;\"><a class=\"wp-block-button__link has-text-color has-background\" style=\"color: #000000;\" href=\"https:\/\/reservations.hotel-spider.com\/#\/01q577a586233360\">RESERVATION<\/a><\/span><\/h3>\r\n<p>&nbsp;<\/p>\r\n<h2 style=\"text-align: center;\">\u00a0<\/h2>","protected":false},"excerpt":{"rendered":"<p>1 lit en 160 x 200 cm TV \u00e0 \u00e9cran plat Climatisation r\u00e9versible individuelle Placard penderie T\u00e9l\u00e9phone, bureau et fauteuil Plateau d\u2019accueil Eau Th\u00e9 bouilloire et caf\u00e9 Douche, wc, s\u00e8che cheveux Articles de toilette R\u00e9seau Wifi gratuit Non fumeur 1er,<\/p>\n","protected":false},"author":2,"featured_media":0,"parent":2,"menu_order":3,"comment_status":"closed","ping_status":"closed","template":"","meta":{"_uag_custom_page_level_css":"","footnotes":""},"class_list":["post-56","page","type-page","status-publish","hentry"],"uagb_featured_image_src":{"full":false,"thumbnail":false,"medium":false,"medium_large":false,"large":false,"1536x1536":false,"2048x2048":false,"featured-blog-large":false,"featured-blog-small":false,"featured-service":false,"featured-recent-work":false},"uagb_author_info":{"display_name":"anna","author_link":"https:\/\/hotelsalondeprovence.fr\/index.php\/author\/maunat\/"},"uagb_comment_info":0,"uagb_excerpt":"1 lit en 160 x 200 cm TV \u00e0 \u00e9cran plat Climatisation r\u00e9versible individuelle Placard penderie T\u00e9l\u00e9phone, bureau et fauteuil Plateau d\u2019accueil Eau Th\u00e9 bouilloire et caf\u00e9 Douche, wc, s\u00e8che cheveux Articles de toilette R\u00e9seau Wifi gratuit Non fumeur 1er,","_links":{"self":[{"href":"https:\/\/hotelsalondeprovence.fr\/index.php\/wp-json\/wp\/v2\/pages\/56","targetHints":{"allow":["GET"]}}],"collection":[{"href":"https:\/\/hotelsalondeprovence.fr\/index.php\/wp-json\/wp\/v2\/pages"}],"about":[{"href":"https:\/\/hotelsalondeprovence.fr\/index.php\/wp-json\/wp\/v2\/types\/page"}],"author":[{"embeddable":true,"href":"https:\/\/hotelsalondeprovence.fr\/index.php\/wp-json\/wp\/v2\/users\/2"}],"replies":[{"embeddable":true,"href":"https:\/\/hotelsalondeprovence.fr\/index.php\/wp-json\/wp\/v2\/comments?post=56"}],"version-history":[{"count":23,"href":"https:\/\/hotelsalondeprovence.fr\/index.php\/wp-json\/wp\/v2\/pages\/56\/revisions"}],"predecessor-version":[{"id":4171,"href":"https:\/\/hotelsalondeprovence.fr\/index.php\/wp-json\/wp\/v2\/pages\/56\/revisions\/4171"}],"up":[{"embeddable":true,"href":"https:\/\/hotelsalondeprovence.fr\/index.php\/wp-json\/wp\/v2\/pages\/2"}],"wp:attachment":[{"href":"https:\/\/hotelsalondeprovence.fr\/index.php\/wp-json\/wp\/v2\/media?parent=56"}],"curies":[{"name":"wp","href":"https:\/\/api.w.org\/{rel}","templated":true}]}}